ded by v.
8
Calculate the remainder when 50 is divided by (-264)/(-10) - 2/5.
24
Let i = -1 + 3. Suppose -c = -i - 5. Suppose -c - 26 = -3*r. What is the remainder when r is divided by 6?
5
Let g = 29 + -21. Calculate the remainder when 10 is divided by g.
2
Let w(b) = 25*b**3 + 2*b**2 - 1. Suppose u - 4 = -4*n + 4*u, -4*u = -3*n + 3. Calculate the remainder when w(n) is divided by 14.
12
Calculate the remainder when (-6)/15 - (-272)/5 is divided by 11.
10
Let k(q) = 4 - 3 - 3*q + 2 + q + 2*q**2. What is the remainder when k(6) is divided by 16?
15
Let s(b) = -10*b**3 - 2*b**2 + 1. Let v be -3*3/(-9) - 1. Suppose -3*q + 13 = 4*y, v = 4*y - 0*y - 16. Calculate the remainder when s(q) is divided by 5.
4
Let d = -4 + 10. Let f = -1 - -3. Suppose -4*b + 42 = -v, -f*b - 4*v + 11 + 19 = 0. What is the remainder when b is divided by d?
5
Suppose 5*i - 34 = 91. What is the remainder when i is divided by 3/(-12) + (-111)/(-12)?
7
Let w be (-2)/3 - (-434)/21. Suppose 4*u - 2*a = 22, -u + 10 - 4 = -a. Suppose 3*g = w - u. Calculate the remainder when 13 is divided by g.
3
Suppose -4*a + c + 12 = 0, 3*c = a + a + 4. Calculate the remainder when a is divided by 3/(4 - 2 - 1).
1
Suppose -5*o + 17 = 4*w, -3*w - o + 13 = -w. Suppose -16 = -5*r + r. Suppose 22 = f + 4*v, 6*f - 36 = r*f - 4*v. Calculate the remainder when f is divided by w.
6
Let h = -6 - 1. Let n = 25 + h. Suppose -26 = -a + 2*k - 1, 0 = 4*a - k - 128. What is the remainder when a is divided by n?
15
Let u = -11 - -13. Let i = u - -9. What is the remainder when 32 is divided by i?
10
Let h be (-1)/((-1 + -1)/8). Suppose -8*c + 164 = -h*c. What is the remainder when c is divided by 11?
8
Let c = -7 + 42. Calculate the remainder when c is divided by 12.
11
Let n = 0 + 4. Suppose n*d - 194 = -46. What is the remainder when d is divided by (6/(-4) - -2)*(-25 - -63)?
18
Let m = 90 - 41. Calculate the remainder when m is divided by 25.
24
Let b(r) = -9*r + 4. Suppose 3*j = -j - 16. Suppose 7*s - 4*s = -g + 17, 5*g + 2*s - 72 = 0. What is the remainder when b(j) is divided by g?
12
Calculate the remainder when (-2)/4*22*-2 is divided by 6.
4
Suppose -4*t + 13 - 1 = 0. Suppose -4*l - 3*f + 61 = 0, -f - 2*f = -t*l + 72. What is the remainder when l is divided by 6/(-9) + 46/6?
5
Suppose 3 = v - 2*v. What is the remainder when v + 7 + -6 + 13 is divided by (2/(-4))/(1/(-8))?
3
Suppose 2 = -5*b - 3. What is the remainder when 26 is divided by 2*2 - (b - 2)?
5
Suppose f = -3*i - 0 - 3, 2*f = -5*i - 4. Suppose f*d = 7*d - 72. What is the remainder when d is divided by 7?
4
Let y(i) = i**3 + 15. Suppose -4*z + 54 = 2*v - 24, -121 = -3*v - 4*z. What is the remainder when v is divided by y(0)?
13
Let o(p) = -2*p + 3. Calculate the remainder when 33/2 + (-27)/54 is divided by o(-3).
7
Suppose 3*m = -2*m + 65. Let s(r) = -2*r - 4 + m*r + 4*r + 0. What is the remainder when s(3) is divided by 14?
13
Let k = 46 - 33. Suppose -k*p = -9*p - 12. Suppose -2*i = p*i - 140. What is the remainder when i is divided by 15?
13
Let r(w) = 2*w**2 - 5*w + 2. Suppose -h - 14 = -4*a - 2*h, 0 = 4*a - 2*h - 20. Calculate the remainder when 25 is divided by r(a).
11
Let q(d) = 11*d**3 + 2*d - 15. Let z(h) = -5*h**3 - h + 7. Let w(o) = -6*q(o) - 13*z(o). Suppose 2 = -2*b - 2. What is the remainder when 14 is divided by w(b)?
4
Let s = -89 - -175. What is the remainder when s is divided by 52/(-104) + (-90)/(-4)?
20
Suppose 11 = o - 3*t, t - 2 - 41 = -3*o. Let y = -9 + 34. What is the remainder when y is divided by o?
11
Let m(i) = -i + 8. Calculate the remainder when m(-3) is divided by 2.
1
Suppose 6*p - 104 = 2*p. What is the remainder when 46 + -1 + (-4 - -10) is divided by p?
25
Suppose 0*x + x - 2*j + 3 = 0, -2*x = 4*j - 34. Suppose 7*v = 9*v. Suppose 16 = 4*u - v*u. Calculate the remainder when x is divided by u.
3
Let u = -5 - -8. Let y = 43 - u. Suppose -5*s + 0 + y = 0. What is the remainder when 23 is divided by s?
7
Suppose 0 = -2*d + 6*d + 5*v, v = -4*d - 16. Let r be 5*(37/d + -1). Let b = 67 + r. What is the remainder when b is divided by 9?
7
Let j(q) = -q**2 - 8*q - 2. Suppose -h + 0*h + m = -53, 2*m - 237 = -5*h. Calculate the remainder when h is divided by j(-3).
10
Let r(z) = z**2 - 6*z - 8. Let m(l) = -3*l**2 + 18*l + 23. Let y(h) = -4*m(h) - 11*r(h). Calculate the remainder when 11 is divided by y(7).
2
Let v(i) = -5*i - i + 4*i + 3*i + 2. Calculate the remainder when v(4) is divided by 3.
0
Calculate the remainder when 25 is divided by 210/(-45)*(-3)/2.
4
Let l = -3 + 23. Calculate the remainder when l is divided by 6.
2
Suppose -90 = -5*u - u. What is the remainder when 86 is divided by u?
11
Suppose 8 = -5*h + 4*t, -5*h - t - t + 4 = 0. Suppose 12 = m + 3*m. Suppose x = -2*o + 2, -3*o - m*x = -h*x. What is the remainder when 5 is divided by o?
1
Suppose 3*n - 3*g - 213 = 0, g + 2*g = 0. Let z be (-12)/(-66) - 299/11. What is the remainder when n is divided by (-2)/3 + (-666)/z?
23
Let c be 4/6 + 28/(-6). Let v = 6 - c. What is the remainder when v is divided by 6?
4
Let x = -7 - 25. Calculate the remainder when 41 is divided by ((-14)/(-8))/((-4)/x).
13
Let r = -84 - -104. Calculate the remainder when 97 is divided by r.
17
Calculate the remainder when 30 is divided by 195/12 + 1/(-4).
14
Let y(q) = -8*q + 1. Suppose 2*t + a - 44 = 0, 5*t - 4*a - 43 = 93. Suppose -p - x = 3*x - t, 5*p - 90 = -5*x. What is the remainder when p is divided by y(-1)?
7
Suppose 14 = 3*k - 25. What is the remainder when 75 is divided by k?
10
Let o = 158 + -112. Suppose -5*w = -5*j - o - 59, 0 = -5*j + 20. Calculate the remainder when w is divided by (4/5)/(2/35).
11
Suppose -3*u + 24 = 3*y, 3*u + 2*y - 6 = 2*u. Calculate the remainder when u is divided by 4.
2
Let j(g) be the second derivative of g**4/12 + g**3/6 + g**2 + 2*g. What is the remainder when 15 is divided by j(-3)?
7
Suppose 2*y - y = 3. Suppose -16 = -y*a + 2. What is the remainder when 56 is divided by 70/4 - a/(-4)?
18
Suppose -11*v + 90 = -6*v. What is the remainder when 85 is divided by v?
13
Calculate the remainder when (284/6)/2 - (-27)/81 is divided by 7.
3
Let o = -27 + 9. Calculate the remainder when 30 is divided by ((-3)/(-2))/(o/(-96)).
6
Let p(q) = -q**3 + q**2 - q + 2. Let y be p(0). Let l be 13/y - 2/(-4). Suppose -4*d + l*d = 45. What is the remainder when 43 is divided by d?
13
Calculate the remainder when (-1 - -2) + 2 + 152 is divided by 39.
38
Suppose 4 + 4 = 4*f. Suppose 0*k - 5*g = -f*k + 18, 2 = -g. Calculate the remainder when ((-9)/6)/((-3)/20) is divided by k.
2
What is the remainder when 4/(2*(-1)/(-22)) is divided by 16?
12
Let p be 2150/6 + 2/3. Suppose -4*x = -5*j + p, -j + 379 = 4*j + x. Let k = 117 - j. Calculate the remainder when k is divided by 11.
9
Suppose 0 = -0*j - j - 3. Let t be 18/15*(-290)/j. Suppose -3*u - u = -t. What is the remainder when u is divided by 10?
9
Suppose 5*f + 4*i + 2 = 0, -3 = -2*f + 3*i + 10. Suppose f = -g, 0 = 2*w + g - 14 - 6. Suppose 2*m = m + w. Calculate the remainder when m is divided by 6.
5
Let k(l) = -l - 4. Let s(z) = -z + 1. Let t(c) = -k(c) - 3*s(c). Let f(h) = 4*h - 10. Let j be f(4). What is the remainder when t(j) is divided by 13?
12
Let r = 26 - -3. What is the remainder when 56 is divided by r?
27
What is the remainder when 33 is divided by 5*3 + (-42)/14?
9
Calculate the remainder when 43 is divided by (-4)/(-1 - (-11)/15).
13
Let n = -13 - -19. Let w = 47 + 4. Suppose w = 3*b - 0*b. What is the remainder when b is divided by n?
5
Suppose j + 4 = 3*j, 2*v - 4*j = 92. Let p = -7 - -20. Calculate the remainder when v is divided by p.
11
Suppose -8 = -0*y + 2*y. Calculate the remainder when -3 + (-2)/y*34 is divided by 8.
6
Calculate the remainder when 109 is divided by -4 - (-4 + -4) - -33.
35
Let o = -164 - -165. Calculate the remainder when 2 is divided by o.
0
Suppose -p + 3*p = 26. Suppose p + 47 = 3*r. Calculate the remainder when r is divided by 2/(-11) - (-276)/66 - -3.
6
Let a = -6 + 6. Let c = 9 + a. What is the remainder when 17 is divided by c?
8
Suppose -6*z + z + 475 = 4*d, -5*z + 475 = 2*d. Calculate the remainder when z is divided by 49.
46
Suppose 6*w + 2*l = w + 130, 5*w - l = 115. Calculate the remainder when 90 is divided by w.
18
Let n(w) = -2*w**3 + 2*w**2 + w + 